7022465797?
2
What is the ten thousands digit of 113857670?
5
What is the units digit of 547555035?
5
What is the hundred millions digit of 1467772443?
4
What is the units digit of 4678037086?
6
What is the tens digit of 616011015?
1
What is the hundreds digit of 68485324?
3
What is the hundred thousands digit of 347506941?
5
What is the ten thousands digit of 150853701?
5
What is the ten thousands digit of 139729326?
2
What is the thousands digit of 4928091?
8
What is the millions digit of 26863389?
6
What is the hundreds digit of 5446071?
0
What is the units digit of 182885745?
5
What is the units digit of 207191280?
0
What is the units digit of 362018205?
5
What is the hundred millions digit of 747150429?
7
What is the millions digit of 25092401?
5
What is the ten thousands digit of 14257437?
5
What is the ten millions digit of 998209617?
9
What is the hundred thousands digit of 945071195?
0
What is the units digit of 1348580592?
2
What is the thousands digit of 91280241?
0
What is the hundreds digit of 2276143153?
1
What is the tens digit of 36634946?
4
What is the thousands digit of 30337912?
7
What is the units digit of 3392659186?
6
What is the units digit of 664624298?
8
What is the thousands digit of 73115545?
5
What is the units digit of 692854554?
4
What is the hundreds digit of 440789268?
2
What is the ten thousands digit of 910306588?
0
What is the ten millions digit of 107533827?
0
What is the thousands digit of 5606426950?
6
What is the hundred millions digit of 680623960?
6
What is the hundreds digit of 103806745?
7
What is the hundreds digit of 4285879318?
3
What is the tens digit of 45646815?
1
What is the thousands digit of 63109663?
9
What is the ten thousands digit of 221272508?
7
What is the tens digit of 122470348?
4
What is the millions digit of 2222133649?
2
What is the tens digit of 6868131?
3
What is the hundred millions digit of 1207793369?
2
What is the units digit of 2750113862?
2
What is the ten thousands digit of 12995756?
9
What is the hundred millions digit of 416766934?
4
What is the millions digit of 12763634?
2
What is the tens digit of 1398487666?
6
What is the hundred thousands digit of 55393234?
3
What is the thousands digit of 1428213?
8
What is the millions digit of 76248540?
6
What is the hundred millions digit of 1210494066?
2
What is the millions digit of 7986258262?
6
What is the hundred millions digit of 134272973?
1
What is the ten millions digit of 1686723226?
8
What is the ten millions digit of 15938940?
1
What is the thousands digit of 389759451?
9
What is the ten millions digit of 184503858?
8
What is the hundred thousands digit of 556126343?
1
What is the units digit of 72624298?
8
What is the millions digit of 941864175?
1
What is the ten millions digit of 678565470?
7
What is the tens digit of 768557464?
6
What is the hundred thousands digit of 174873?
1
What is the thousands digit of 138651802?
1
What is the millions digit of 6977932159?
7
What is the hundred thousands digit of 428815708?
8
What is the ten millions digit of 34339386?
3
What is the units digit of 472245584?
4
What is the thousands digit of 169709966?
9
What is the hundred millions digit of 3065832128?
0
What is the ten millions digit of 5828570783?
2
What is the tens digit of 13204658?
5
What is the ten millions digit of 3778206941?
7
What is the tens digit of 678683?
8
What is the hundred millions digit of 2333444341?
3
What is the hundred millions digit of 772216271?
7
What is the hundred thousands digit of 72377502?
3
What is the units digit of 133938991?
1
What is the hundred thousands digit of 249506560?
5
What is the hundred millions digit of 2118609664?
1
What is the tens digit of 311062286?
8
What is the ten millions digit of 793646440?
9
What is the ten thousands digit of 335767924?
6
What is the millions digit of 1517776278?
7
What is the units digit of 378268488?
8
What is the ten millions digit of 500342257?
0
What is the units digit of 113009743?
3
What is the billions digit of 2758444396?
2
What is the ten millions digit of 60012035?
6
What is the millions digit of 381427680?
1
What is the hundred thousands digit of 5659904685?
9
What is the millions digit of 10590858?
0
What is the hundreds digit of 39136869?
8
What is the hundreds digit of 510871430?
4
What is the hundred thousands digit of 2867794323?
7
What is the hundred thousands digit of 189145146?
1
What is the hundred thousands digit of 15901994?
9
What is the hundreds digit of 685800380?
3
What is the units digit of 174597996?
6
What is the thousands digit of 3584941626?
1
What is the units digit of 25180199?
9
What is the hundreds digit of 24312429?
4
What is the hundred millions digit of 2279941614?
2
What is the ten millions digit of 132349172?
3
What is the tens digit of 1135847159?
5
What is the hundred thousands digit of 1574458159?
4
What is the billions digit of 5855865179?
5
What is the hundred thousands digit of 482430512?
4
What is the hundred thousands digit of 1885454439?
4
What is the tens digit of 132363525?
2
What is the thousands digit of 258901671?
1
What is the millions digit of 1730451336?
0
What is the thousands digit of 160312055?
2
What is the tens digit of 234463258?
5
What is the units digit of 43622293?
3
What is the thousands digit of 87539867?
9
What is the thousands digit of 64977311?
7
What is the units digit of 46973429?
9
What is the hundred millions digit of 1273009532?
2
What is the millions digit of 187004358?
7
What is the ten thousands digit of 2062579025?
7
What is the ten thousands digit of 147273615?
7
What is the thousands digit of 129417362?
7
What is the millions digit of 241840028?
1
What is the millions digit of 102654948?
2
What is the thousands digit of 30393908?
3
What is the hundred thousands digit of 22964704?
9
What is the hundred millions digit of 430612579?
4
What is the hundreds digit of 809387339?
3
What is the thousands digit of 408121377?
1
What is the hundred thousands digit of 609534056?
5
What is the hundreds digit of 50202901?
9
What is the thousands digit of 144254120?
4
What is the hundreds digit of 126112487?
4
What is the billions digit of 5998433578?
5
What is the millions digit of 4737721269?
7
What is the units digit of 6881797?
7
What is the hundred thousands digit of 127626489?
6
What is the hundred millions digit of 637114592?
6
What is the units digit of 2405499493?
3
What is the thousands digit of 1561825758?
5
What is the ten thousands digit of 7599687328?
8
What is the units digit of 534696104?
4
What is the millions digit of 1129544370?
9
What is the ten millions digit of 15381413?
1
What is the hundred millions digit of 822599164?
8
What is the tens digit of 47738449?
4
What is the ten millions digit of 3377997984?
7
What is the thousands digit of 498519114?
9
What is the hundreds digit of 1517611836?
8
What is the ten millions digit of 107355649?
0
What is the units digit of 1101528393?
3
What is the billions digit of 1379826987?
1
What is the ten thousands digit of 1883362015?
6
What is the thousands digit of 93475082?
5
What is the tens digit of 102334367?
6
What is the hundreds digit of 47106731?
7
What is the millions digit of 9163570?
9
What is the ten millions digit of 160052878?
6
What is the tens digit of 1379010401?
0
What is the hundred thousands digit of 1246489029?
4
What is the units digit of 207188977?
7
What is the thousands digit of 3352516861?
6
What is the thousands digit of 32717623?
7
What is the hundred millions digit of 1121476252?
1
What is the units digit of 497568596?
6
What is the units digit of 429896232?
2
What is the units digit of 43079374?
4
What is the hundred thousands digit of 14619346?
6
What is the ten thousands digit of 5443502818?
0
What is the units digit of 669660891?
1
What is the units digit of 1614914646?
6
What is the hundreds digit of 2755553441?
4
What is the ten thousands digit of 7278022120?
2
What is the ten thousands digit of 3451766653?
6
What is the ten thousands digit of 565567721?
6
What is the ten millions digit of 34748920?
3
What is the hundred thousands digit of 524117429?
1
What is the thousands digit of 67955388?
5
What is the hundred millions digit of 690467581?
6
What is the millions digit of 61296632?
1
Wh